 - 2258. What are the prime factors of c?
5807
Let y be (-45)/(-27) - (-9861)/(-9). Let d = -269 - y. What are the prime factors of d?
3, 5, 11
Let s(i) = 25*i - 22. Let u be s(24). Let n = 999 - u. List the prime factors of n.
421
Let g = -479 - -247. Let s be 3 + (0 - 4 - g). Suppose 0*d + 4*d - s = h, 3*d = 3*h + 162. What are the prime factors of d?
59
Suppose 0 = -b + 4*a + 8133, a - 16230 = 50*b - 52*b. List the prime factors of b.
8117
Suppose 79259 = 16*f - 6566 - 23679. List the prime factors of f.
2, 29, 59
Let w(x) = -6*x**2 - 28*x - 13. Let b be w(-4). Suppose b*k = q - 4*q + 3027, 0 = 4*q + 3*k - 4035. What are the prime factors of q?
2, 3, 7
Let s(q) = q**3 + 16*q**2 + 51*q + 5. Let o be s(-5). Suppose 19*w = o*w - 1122. List the prime factors of w.
11, 17
Let t be -1*2*((-15)/(-6) + -4). Let o(u) = -6*u**t + 7*u**2 + 8*u**3 - 3 - 3*u**3 + 6*u. List the prime factors of o(6).
3, 23
Suppose 10*p + 7527 + 5353 = z, 0 = 2*z + 3*p - 25645. List the prime factors of z.
2, 5, 1283
Let f(g) = -19*g + 36 + 8*g + 35 + 18*g. Let s be f(-9). What are the prime factors of ((-4)/s)/(3/24) - -300?
2, 37
Suppose 2*q - 786 = -4*n, 2*q - 7 = -5*n + 784. Let k = q + 3. What are the prime factors of k?
2, 193
Let d = 134899 + -75309. What are the prime factors of d?
2, 5, 59, 101
Let n be 18/117 + (-4)/26. Suppose n = -24*q + 7703 + 6769. List the prime factors of q.
3, 67
Let n be (-2)/(-10) + ((-264)/40)/3. Let k(d) = 200*d**2 + 9*d + 18. What are the prime factors of k(n)?
2, 5
Let f = -29804 - -61196. What are the prime factors of f?
2, 3, 109
Suppose 4*b + m - 79172 = 0, -59366 = -3*b + 82*m - 86*m. What are the prime factors of b?
2, 3, 3299
Let l = -6009 + 10818. List the prime factors of l.
3, 7, 229
Suppose -8182 = 31*i - 211046. What are the prime factors of i?
2, 409
Let t(g) = g. Let x be t(3). Suppose 4*m - 2*p = 3258, x*p + 2*p - 2424 = -3*m. What are the prime factors of m?
3, 271
Suppose -28*p = -69*p + 29*p + 239760. What are the prime factors of p?
2, 3, 5, 37
Suppose 957 = 4*a + 2*j - 5*j, 2*a - 481 = j. What are the prime factors of 109/(-3)*a/(-27)?
3, 109
Let a(n) = 2*n**3 + 94*n**2 + 110*n + 138. List the prime factors of a(-44).
2, 3457
Let g be 444/(-5) + 3/(-15). Let m = g + 96. Suppose -10*k + 132 = -m*k. List the prime factors of k.
2, 11
Let x = 58 + -30. Suppose -5*k + 3*y - 34 = 0, -3*k - 5*y = -3*y + x. What are the prime factors of 1 - (-4 + k)*14?
13
Let a = 8834 - -3413. List the prime factors of a.
37, 331
Suppose 5*l - 137 + 152 = 0. List the prime factors of (2 - 4 - -68) + 12/l.
2, 31
Let r(z) = 3*z**3 + 28*z**2 + 11*z + 15. Let n be r(-9). Let k(h) = -130*h + 58. What are the prime factors of k(n)?
2, 7
Let h(p) be the second derivative of 61*p**4/12 + p**3/3 + 5*p**2 - 2*p. List the prime factors of h(-2).
2, 5
Let s = 412 + -287. Suppose -i = -4*j + s, 0*i = -2*i + 6. What are the prime factors of j?
2
Let k(x) = -3*x**3 - 141*x**2 + 27*x + 149. What are the prime factors of k(-48)?
5, 1153
Suppose o = 285 + 74. Let w = -497 - -1020. Let l = w - o. What are the prime factors of l?
2, 41
Suppose 4*b = 4*m + 8*b - 6480, -3260 = -2*m + 3*b. Suppose -356*n - m = -360*n. List the prime factors of n.
2, 7, 29
Let g(m) = -9*m - 21. Let x be g(6). Let a = -72 - x. Suppose 0 = -5*p - 4*h + 679, 2*p = -a*h - h + 262. What are the prime factors of p?
139
Let p be (7 - 186/18)*72/20. List the prime factors of (330 - ((-54)/p - 3))*2.
3, 73
Suppose 5*u + 2*u = -4*u. Suppose p + 2 = u, -5*v + 1643 = -4*p + 5*p. What are the prime factors of v?
7, 47
Suppose -9240 = 24*o - 17*o. Let r = -735 - o. What are the prime factors of r?
3, 5, 13
Let h(t) = 54085*t**2 - 16*t - 16. What are the prime factors of h(1)?
191, 283
Let h = 89 + -86. Suppose -10 = -5*j + 5*q, 11 = j + 3*j - h*q. Suppose -8*n = -j*n - 561. What are the prime factors of n?
11, 17
Let s = 1473 - 664. Suppose -f + 5*a + 231 = 0, -528 - 219 = -3*f - 3*a. Suppose -5*y + f + s = 0. What are the prime factors of y?
211
What are the prime factors of (-2)/21 - ((-1458909)/189 - -11) - 2?
2, 3853
Let l = 11827 - 2429. List the prime factors of l.
2, 37, 127
Suppose 7*x = 5*y - 82469 - 277478, -3*x = -y + 71983. List the prime factors of y.
5, 7, 11, 17
Suppose 2*f - q + 3 - 2 = 0, -3*f = 5*q + 8. Let p be ((0/4)/(0 - f))/3. Suppose p = y + 2*k - 46, -5*y - 95 + 297 = -4*k. List the prime factors of y.
2, 3, 7
Let t(m) be the second derivative of 43*m**3 + 5*m**2/2 - 12*m - 4. What are the prime factors of t(1)?
263
Suppose -2*i = -10*j + 13*j - 13, -3*j + 17 = -2*i. What are the prime factors of (-7433)/(-7) - i - 12/14?
2, 3, 59
Let m(c) be the second derivative of 35*c**3/6 - 12*c**2 - 7*c - 7. What are the prime factors of m(45)?
3, 11, 47
Let i(c) = -2*c. Suppose 0*n - n - 3*p + 9 = 0, -2*p = -n - 1. Let l be i(n). What are the prime factors of 1 + l/3*91/(-2)?
2, 23
What are the prime factors of (-16)/(-10) + (-8722532)/(-455)?
2, 4793
Let d = 8329 + -4967. What are the prime factors of d?
2, 41
Let p(r) = -35*r**3 + 21*r**2 - 17*r - 160. What are the prime factors of p(-10)?
2, 3, 5, 1237
Suppose 0 = -p + 5*w + 6652, 3*p + 3*w + w - 19937 = 0. List the prime factors of p.
17, 23
Suppose -5*r - a + 14906 = 0, 58*r - 53*r = 3*a + 14902. List the prime factors of r.
11, 271
Let j = 16419 + -1804. List the prime factors of j.
5, 37, 79
Let k = -374 + 378. Suppose 0 = 2*m + 2, -4*r = -4*m - 2 + 14. List the prime factors of 30*(-2 + (k - r/8)).
3, 5
Let l(w) = 43*w**2 - 32*w + 547. List the prime factors of l(10).
3, 503
Let m = -281 + 272. Let s(i) = -74*i + 38. What are the prime factors of s(m)?
2, 11
Let f = -524 - -1354. Suppose -f = -21*z + 11*z. List the prime factors of z.
83
Suppose 4*f - 3*t = 21138, -3*t + 7493 = 3*f - 8350. List the prime factors of f.
3, 587
Let k = -3173 + -493. What are the prime factors of (k/(-52))/((-6)/4 + 2)?
3, 47
Let l(p) = p**2 - 7*p + 11. Let u be l(7). Let a = u + 206. Let c = -136 + a. List the prime factors of c.
3
Let j(u) = u**3 - 7*u**2 + 12*u - 10. Let y be j(5). Suppose y = 2*m - 11*m + 3285. What are the prime factors of m?
5, 73
Let o(j) = 7*j + 2270. List the prime factors of o(-55).
5, 13, 29
Let h be (6 + 105/(-20))*(0 - -4). What are the prime factors of 1726/4 - h*(-9)/54?
2, 3
Suppose 5*p - 64380 = -3*j - 2*j, -2*p + 4*j = -25788. What are the prime factors of p?
2, 3, 19, 113
Let f be ((-18)/(-4))/((-6)/(-32)). Suppose -16*q + 10*q + f = 0. Let o(c) = 2*c**3 - 5*c**2 - c + 4. What are the prime factors of o(q)?
2, 3
Suppose -2*j - 151060 = -4*r, r = 83*j - 84*j + 37771. List the prime factors of r.
3, 12589
Suppose 131*i = -3*j + 132*i + 100759, -134364 = -4*j + 6*i. List the prime factors of j.
3, 5, 2239
Let s = 10998 - 6270. What are the prime factors of s?
2, 3, 197
Let i = 36655 - 20670. List the prime factors of i.
5, 23, 139
Suppose -2662*r = -2620*r - 97524. What are the prime factors of r?
2, 3, 43
Suppose -17*i = -31*i + 280. Suppose 0 = -10*x + i*x - 3120. What are the prime factors of x?
2, 3, 13
Suppose 5*u = 3*u, -5*u - 47690 = -5*g. List the prime factors of g.
2, 19, 251
Suppose -6*x = -160 - 278. Let m = x - 122. Let r = 86 + m. List the prime factors of r.
37
Let y = -47 + 53. Suppose -3*v + y*v + l - 1543 = 0, -2*v + 5*l + 1023 = 0. List the prime factors of v.
2, 257
Suppose 3*p - 3*o + 5*o = 434, -283 = -2*p + 5*o. Let a = 54 - 16. Let k = p + a. List the prime factors of k.
2, 7, 13
Suppose 3*j - 1064 = -2*i, 5*i + 0*j = -3*j + 2669. List the prime factors of i.
5, 107
Let a(k) = k**3 + 16*k**2 + 15*k + 23. Let c = -10 - 5. Let l be a(c). Suppose -l*d - 272 = -31*d. What are the prime factors of d?
2, 17
Let m(x) = 3*x - 7*x + 8*x**2 - 13 + x**3 + 4*x. Let b be m(-8). Let o = 64 - b. What are the prime factors of o?
7, 11
Let g = 1819 - 248. What are the prime factors of g?
1571
Let w be (37 - 18)/((-2)/(-4)). Suppose w*b - 36*b = 1146. List the prime factors of b.
3, 191
Suppose 579694 = 61*j + 329*j - 3440426. What are the prime factors of j?
2, 3, 859
Let d be 3 + (-1 - 3) - 449. Let x = -311 - d. What are the prime factors of x?
139
Let f be 5/(-20) - ((-18)/8 + -3). Suppose 0 = 9*l - 23 + f. Suppose -432 = -4*j - 3*z, 3*z = -l*j + 94 + 122. What are the prime factors of j?
2, 